[INFO] cloning repository https://github.com/puttarawut/test-rust
[INFO] running `Command { std: "git" "-c" "credential.helper=" "-c" "credential.helper=/workspace/cargo-home/bin/git-credential-null" "clone" "--bare" "https://github.com/puttarawut/test-rust" "/workspace/cache/git-repos/https%3A%2F%2Fgithub.com%2Fputtarawut%2Ftest-rust", kill_on_drop: false }`
[INFO] [stderr] Cloning into bare repository '/workspace/cache/git-repos/https%3A%2F%2Fgithub.com%2Fputtarawut%2Ftest-rust'...
[INFO] running `Command { std: "git" "rev-parse" "HEAD", kill_on_drop: false }`
[INFO] [stdout] 1b9a55864e9e884061501b6a9639facdd182f78b
[INFO] building puttarawut/test-rust against master#ff34b919075f35a1787659e9c448a34b06bab8de for issue-85264
[INFO] running `Command { std: "git" "clone" "/workspace/cache/git-repos/https%3A%2F%2Fgithub.com%2Fputtarawut%2Ftest-rust" "/workspace/builds/worker-8/source", kill_on_drop: false }`
[INFO] [stderr] Cloning into '/workspace/builds/worker-8/source'...
[INFO] [stderr] done.
[INFO] validating manifest of git repo https://github.com/puttarawut/test-rust on toolchain ff34b919075f35a1787659e9c448a34b06bab8de
[INFO] running `Command { std: "/workspace/cargo-home/bin/cargo" "+ff34b919075f35a1787659e9c448a34b06bab8de" "metadata" "--manifest-path" "Cargo.toml" "--no-deps", kill_on_drop: false }`
[INFO] started tweaking git repo https://github.com/puttarawut/test-rust
[INFO] finished tweaking git repo https://github.com/puttarawut/test-rust
[INFO] tweaked toml for git repo https://github.com/puttarawut/test-rust written to /workspace/builds/worker-8/source/Cargo.toml
[INFO] crate git repo https://github.com/puttarawut/test-rust already has a lockfile, it will not be regenerated
[INFO] running `Command { std: "/workspace/cargo-home/bin/cargo" "+ff34b919075f35a1787659e9c448a34b06bab8de" "fetch" "--manifest-path" "Cargo.toml", kill_on_drop: false }`
[INFO] running `Command { std: "docker" "create" "-v" "/var/lib/crater-agent-workspace/builds/worker-8/target:/opt/rustwide/target:rw,Z" "-v" "/var/lib/crater-agent-workspace/builds/worker-8/source:/opt/rustwide/workdir:ro,Z" "-v" "/var/lib/crater-agent-workspace/cargo-home:/opt/rustwide/cargo-home:ro,Z" "-v" "/var/lib/crater-agent-workspace/rustup-home:/opt/rustwide/rustup-home:ro,Z" "-e" "SOURCE_DIR=/opt/rustwide/workdir" "-e" "CARGO_TARGET_DIR=/opt/rustwide/target" "-e" "CARGO_HOME=/opt/rustwide/cargo-home" "-e" "RUSTUP_HOME=/opt/rustwide/rustup-home" "-w" "/opt/rustwide/workdir" "-m" "1610612736" "--user" "0:0" "--network" "none" "ghcr.io/rust-lang/crates-build-env/linux@sha256:20528e8c29e4536546f0102ce88568b16ea7538393a33fcca951030f7af10457" "/opt/rustwide/cargo-home/bin/cargo" "+ff34b919075f35a1787659e9c448a34b06bab8de" "metadata" "--no-deps" "--format-version=1", kill_on_drop: false }`
[INFO] [stdout] 5f03658dc282f4738ba2569bde35a2c319b93b88777761a71f900b18bbcdb12e
[INFO] [stderr] WARNING: Your kernel does not support swap limit capabilities or the cgroup is not mounted. Memory limited without swap.
[INFO] running `Command { std: "docker" "start" "-a" "5f03658dc282f4738ba2569bde35a2c319b93b88777761a71f900b18bbcdb12e", kill_on_drop: false }`
[INFO] running `Command { std: "docker" "inspect" "5f03658dc282f4738ba2569bde35a2c319b93b88777761a71f900b18bbcdb12e", kill_on_drop: false }`
[INFO] running `Command { std: "docker" "rm" "-f" "5f03658dc282f4738ba2569bde35a2c319b93b88777761a71f900b18bbcdb12e", kill_on_drop: false }`
[INFO] [stdout] 5f03658dc282f4738ba2569bde35a2c319b93b88777761a71f900b18bbcdb12e
[INFO] running `Command { std: "docker" "create" "-v" "/var/lib/crater-agent-workspace/builds/worker-8/target:/opt/rustwide/target:rw,Z" "-v" "/var/lib/crater-agent-workspace/builds/worker-8/source:/opt/rustwide/workdir:ro,Z" "-v" "/var/lib/crater-agent-workspace/cargo-home:/opt/rustwide/cargo-home:ro,Z" "-v" "/var/lib/crater-agent-workspace/rustup-home:/opt/rustwide/rustup-home:ro,Z" "-e" "SOURCE_DIR=/opt/rustwide/workdir" "-e" "CARGO_TARGET_DIR=/opt/rustwide/target" "-e" "CARGO_INCREMENTAL=0" "-e" "RUST_BACKTRACE=full" "-e" "RUSTFLAGS=--cap-lints=forbid" "-e" "CARGO_HOME=/opt/rustwide/cargo-home" "-e" "RUSTUP_HOME=/opt/rustwide/rustup-home" "-w" "/opt/rustwide/workdir" "-m" "1610612736" "--user" "0:0" "--network" "none" "ghcr.io/rust-lang/crates-build-env/linux@sha256:20528e8c29e4536546f0102ce88568b16ea7538393a33fcca951030f7af10457" "/opt/rustwide/cargo-home/bin/cargo" "+ff34b919075f35a1787659e9c448a34b06bab8de" "build" "--frozen" "--message-format=json", kill_on_drop: false }`
[INFO] [stdout] 27d12b823c7a1309a121ef81491a75e1cee237866ff1b4b865cc94fa891ad632
[INFO] [stderr] WARNING: Your kernel does not support swap limit capabilities or the cgroup is not mounted. Memory limited without swap.
[INFO] running `Command { std: "docker" "start" "-a" "27d12b823c7a1309a121ef81491a75e1cee237866ff1b4b865cc94fa891ad632", kill_on_drop: false }`
[INFO] [stderr]     Blocking waiting for file lock on package cache
[INFO] [stderr]    Compiling libc v0.2.82
[INFO] [stderr]    Compiling autocfg v1.0.1
[INFO] [stderr]    Compiling cfg-if v1.0.0
[INFO] [stderr]    Compiling proc-macro2 v1.0.24
[INFO] [stderr]    Compiling unicode-xid v0.2.1
[INFO] [stderr]    Compiling syn v1.0.58
[INFO] [stderr]    Compiling lazy_static v1.4.0
[INFO] [stderr]    Compiling cfg-if v0.1.10
[INFO] [stderr]    Compiling serde_derive v1.0.120
[INFO] [stderr]    Compiling rand_core v0.4.2
[INFO] [stderr]    Compiling bitflags v1.2.1
[INFO] [stderr]    Compiling serde v1.0.120
[INFO] [stderr]    Compiling log v0.4.13
[INFO] [stderr]    Compiling unicode-xid v0.1.0
[INFO] [stderr]    Compiling autocfg v0.1.7
[INFO] [stderr]    Compiling ryu v1.0.5
[INFO] [stderr]    Compiling scopeguard v1.1.0
[INFO] [stderr]    Compiling safemem v0.3.3
[INFO] [stderr]    Compiling serde_json v1.0.61
[INFO] [stderr]    Compiling version_check v0.1.5
[INFO] [stderr]    Compiling byte-tools v0.2.0
[INFO] [stderr]    Compiling httparse v1.3.4
[INFO] [stderr]    Compiling pkg-config v0.3.19
[INFO] [stderr]    Compiling const_fn v0.4.5
[INFO] [stderr]    Compiling ppv-lite86 v0.2.10
[INFO] [stderr]    Compiling percent-encoding v1.0.1
[INFO] [stderr]    Compiling language-tags v0.2.2
[INFO] [stderr]    Compiling ucd-util v0.1.8
[INFO] [stderr]    Compiling traitobject v0.1.0
[INFO] [stderr]    Compiling rayon-core v1.9.0
[INFO] [stderr]    Compiling typeable v0.1.2
[INFO] [stderr]    Compiling percent-encoding v2.1.0
[INFO] [stderr]    Compiling regex v0.2.11
[INFO] [stderr]    Compiling slab v0.4.2
[INFO] [stderr]    Compiling adler v0.2.3
[INFO] [stderr]    Compiling same-file v1.0.6
[INFO] [stderr]    Compiling failure_derive v0.1.8
[INFO] [stderr]    Compiling either v1.6.1
[INFO] [stderr]    Compiling hex v0.3.2
[INFO] [stderr]    Compiling md5 v0.3.8
[INFO] [stderr]    Compiling lazycell v1.3.0
[INFO] [stderr]    Compiling half v1.7.1
[INFO] [stderr]    Compiling data-encoding v2.3.1
[INFO] [stderr]    Compiling separator v0.3.1
[INFO] [stderr]    Compiling oorandom v11.1.3
[INFO] [stderr]    Compiling tinyvec v1.1.0
[INFO] [stderr]    Compiling pear_codegen v0.1.4
[INFO] [stderr]    Compiling rocket_codegen v0.4.6
[INFO] [stderr]    Compiling regex-automata v0.1.9
[INFO] [stderr]    Compiling rocket v0.4.6
[INFO] [stderr]    Compiling base64 v0.10.1
[INFO] [stderr]    Compiling semver v0.8.0
[INFO] [stderr]    Compiling thread_local v0.3.6
[INFO] [stderr]    Compiling thread_local v1.1.0
[INFO] [stderr]    Compiling lock_api v0.4.2
[INFO] [stderr]    Compiling addr2line v0.14.1
[INFO] [stderr]    Compiling instant v0.1.9
[INFO] [stderr]    Compiling block-buffer v0.3.3
[INFO] [stderr]    Compiling base64 v0.9.3
[INFO] [stderr]    Compiling regex-syntax v0.5.6
[INFO] [stderr]    Compiling walkdir v2.3.1
[INFO] [stderr]    Compiling rand_core v0.3.1
[INFO] [stderr]    Compiling rand_jitter v0.1.4
[INFO] [stderr]    Compiling itertools v0.9.0
[INFO] [stderr]    Compiling proc-macro2 v0.4.30
[INFO] [stderr]    Compiling generic-array v0.9.0
[INFO] [stderr]    Compiling aho-corasick v0.6.10
[INFO] [stderr]    Compiling csv-core v0.1.10
[INFO] [stderr]    Compiling cast v0.2.3
[INFO] [stderr]    Compiling rand_isaac v0.1.1
[INFO] [stderr]    Compiling rand_xorshift v0.1.1
[INFO] [stderr]    Compiling rand_hc v0.1.0
[INFO] [stderr]    Compiling unicase v1.4.2
[INFO] [stderr]    Compiling indexmap v1.6.1
[INFO] [stderr]    Compiling num-traits v0.2.14
[INFO] [stderr]    Compiling crossbeam-utils v0.8.1
[INFO] [stderr]    Compiling memoffset v0.6.1
[INFO] [stderr]    Compiling num-integer v0.1.44
[INFO] [stderr]    Compiling miniz_oxide v0.4.3
[INFO] [stderr]    Compiling rayon v1.5.0
[INFO] [stderr]    Compiling universal-hash v0.3.0
[INFO] [stderr]    Compiling block-cipher-trait v0.6.2
[INFO] [stderr]    Compiling crypto-mac v0.7.0
[INFO] [stderr]    Compiling block-buffer v0.7.3
[INFO] [stderr]    Compiling aead v0.2.0
[INFO] [stderr]    Compiling regex v1.4.3
[INFO] [stderr]    Compiling rand_chacha v0.1.1
[INFO] [stderr]    Compiling rand_pcg v0.1.2
[INFO] [stderr]    Compiling rand v0.6.5
[INFO] [stderr]    Compiling clap v2.33.3
[INFO] [stderr]    Compiling log v0.3.9
[INFO] [stderr]    Compiling digest v0.7.6
[INFO] [stderr]    Compiling crypto-mac v0.6.2
[INFO] [stderr]    Compiling polyval v0.3.3
[INFO] [stderr]    Compiling aes-soft v0.3.3
[INFO] [stderr]    Compiling quote v0.6.13
[INFO] [stderr]    Compiling sha2 v0.8.2
[INFO] [stderr]    Compiling hmac v0.7.1
[INFO] [stderr]    Compiling sha2 v0.7.1
[INFO] [stderr]    Compiling md-5 v0.7.0
[INFO] [stderr]    Compiling sha-1 v0.7.0
[INFO] [stderr]    Compiling hmac v0.6.3
[INFO] [stderr]    Compiling openssl-sys v0.9.60
[INFO] [stderr]    Compiling hkdf v0.8.0
[INFO] [stderr]    Compiling ghash v0.2.3
[INFO] [stderr]    Compiling mime v0.2.6
[INFO] [stderr]    Compiling syn v0.15.44
[INFO] [stderr]    Compiling aes v0.3.2
[INFO] [stderr]    Compiling criterion-plot v0.4.3
[INFO] [stderr]    Compiling time v0.1.44
[INFO] [stderr]    Compiling num_cpus v1.13.0
[INFO] [stderr]    Compiling getrandom v0.1.16
[INFO] [stderr]    Compiling net2 v0.2.37
[INFO] [stderr]    Compiling iovec v0.1.4
[INFO] [stderr]    Compiling rand v0.5.6
[INFO] [stderr]    Compiling rand_os v0.1.3
[INFO] [stderr]    Compiling parking_lot_core v0.8.2
[INFO] [stderr]    Compiling rand v0.4.6
[INFO] [stderr]    Compiling hostname v0.1.5
[INFO] [stderr]    Compiling atty v0.2.14
[INFO] [stderr]    Compiling inotify-sys v0.1.5
[INFO] [stderr]    Compiling filetime v0.2.13
[INFO] [stderr]    Compiling aes-gcm v0.5.0
[INFO] [stderr]    Compiling unicode-normalization v0.1.16
[INFO] [stderr]    Compiling quote v1.0.8
[INFO] [stderr]    Compiling rand_core v0.5.1
[INFO] [stderr]    Compiling mio v0.6.23
[INFO] [stderr]    Compiling parking_lot v0.11.1
[INFO] [stderr]    Compiling inotify v0.7.1
[INFO] [stderr]    Compiling backtrace v0.3.55
[INFO] [stderr]    Compiling crossbeam-epoch v0.9.1
[INFO] [stderr]    Compiling crossbeam-channel v0.5.0
[INFO] [stderr]    Compiling scheduled-thread-pool v0.2.5
[INFO] [stderr]    Compiling rand_chacha v0.2.2
[INFO] [stderr]    Compiling pbkdf2 v0.2.3
[INFO] [stderr]    Compiling r2d2 v0.8.9
[INFO] [stderr]    Compiling idna v0.1.5
[INFO] [stderr]    Compiling rand v0.7.3
[INFO] [stderr]    Compiling crossbeam-deque v0.8.0
[INFO] [stderr]    Compiling openssl v0.10.32
[INFO] [stderr]    Compiling plotters v0.2.15
[INFO] [stderr]    Compiling rand v0.3.23
[INFO] [stderr]    Compiling url v1.7.2
[INFO] [stderr]    Compiling chrono v0.4.19
[INFO] [stderr]    Compiling mio-extras v2.0.6
[INFO] [stderr]    Compiling notify v4.0.15
[INFO] [stderr]    Compiling hyper v0.10.16
[INFO] [stderr]    Compiling cookie v0.11.3
[INFO] [stderr]    Compiling scan_fmt v0.1.3
[INFO] [stderr]    Compiling devise_core v0.2.0
[INFO] [stderr]    Compiling synstructure v0.12.4
[INFO] [stderr]    Compiling devise_codegen v0.2.0
[INFO] [stderr]    Compiling devise v0.2.0
[INFO] [stderr]    Compiling pear v0.1.4
[INFO] [stderr]    Compiling rocket_http v0.4.6
[INFO] [stderr]    Compiling failure v0.1.8
[INFO] [stderr]    Compiling dotenv v0.13.0
[INFO] [stderr]    Compiling textnonce v0.6.5
[INFO] [stderr]    Compiling toml v0.4.10
[INFO] [stderr]    Compiling bstr v0.2.14
[INFO] [stderr]    Compiling serde_cbor v0.11.1
[INFO] [stderr]    Compiling csv v1.1.5
[INFO] [stderr]    Compiling bson v0.13.0
[INFO] [stderr]    Compiling tinytemplate v1.2.0
[INFO] [stderr]    Compiling criterion v0.3.3
[INFO] [stderr]    Compiling mongodb v0.3.12
[INFO] [stderr]    Compiling rocket_contrib v0.4.6
[INFO] [stderr]    Compiling r2d2-mongodb v0.2.2
[INFO] [stderr]    Compiling rustlang-rocket-mongodb v0.1.0 (/opt/rustwide/workdir)
[INFO] [stdout] error[E0433]: failed to resolve: use of undeclared crate or module `bson`
[INFO] [stdout]   --> src/cats/repository.rs:14:30
[INFO] [stdout]    |
[INFO] [stdout] 14 |             Ok(doc) => match bson::from_bson(bson::Bson::Document(doc)) {
[INFO] [stdout]    |                              ^^^^ use of undeclared crate or module `bson`
[INFO] [stdout] 
[INFO] [stdout] 
[INFO] [stdout] error[E0433]: failed to resolve: use of undeclared crate or module `bson`
[INFO] [stdout]   --> src/cats/repository.rs:29:39
[INFO] [stdout]    |
[INFO] [stdout] 29 |             Some(result_doc) => match bson::from_bson(bson::Bson::Document(result_doc)) {
[INFO] [stdout]    |                                       ^^^^ use of undeclared crate or module `bson`
[INFO] [stdout] 
[INFO] [stdout] 
[INFO] [stdout] error[E0433]: failed to resolve: use of undeclared crate or module `bson`
[INFO] [stdout]   --> src/cats/repository.rs:43:11
[INFO] [stdout]    |
[INFO] [stdout] 43 |     match bson::to_bson(&insertable) {
[INFO] [stdout]    |           ^^^^ use of undeclared crate or module `bson`
[INFO] [stdout] 
[INFO] [stdout] 
[INFO] [stdout] error[E0433]: failed to resolve: use of undeclared crate or module `bson`
[INFO] [stdout]   --> src/cats/repository.rs:45:13
[INFO] [stdout]    |
[INFO] [stdout] 45 |             bson::Bson::Document(model_doc) => {
[INFO] [stdout]    |             ^^^^ use of undeclared crate or module `bson`
[INFO] [stdout] 
[INFO] [stdout] 
[INFO] [stdout] error[E0433]: failed to resolve: use of undeclared crate or module `bson`
[INFO] [stdout]   --> src/cats/repository.rs:51:44
[INFO] [stdout]    |
[INFO] [stdout] 51 |                         Some(res) => match bson::from_bson(res) {
[INFO] [stdout]    |                                            ^^^^ use of undeclared crate or module `bson`
[INFO] [stdout] 
[INFO] [stdout] 
[INFO] [stdout] error[E0433]: failed to resolve: use of undeclared crate or module `bson`
[INFO] [stdout]   --> src/cats/repository.rs:71:11
[INFO] [stdout]    |
[INFO] [stdout] 71 |     match bson::to_bson(&new_cat) {
[INFO] [stdout]    |           ^^^^ use of undeclared crate or module `bson`
[INFO] [stdout] 
[INFO] [stdout] 
[INFO] [stdout] error[E0433]: failed to resolve: use of undeclared crate or module `bson`
[INFO] [stdout]   --> src/cats/repository.rs:73:13
[INFO] [stdout]    |
[INFO] [stdout] 73 |             bson::Bson::Document(model_doc) => {
[INFO] [stdout]    |             ^^^^ use of undeclared crate or module `bson`
[INFO] [stdout] 
[INFO] [stdout] 
[INFO] [stdout] error[E0433]: failed to resolve: use of undeclared crate or module `bson`
[INFO] [stdout]   --> src/cats/mod.rs:10:20
[INFO] [stdout]    |
[INFO] [stdout] 10 |     pub id: Option<bson::oid::ObjectId>,
[INFO] [stdout]    |                    ^^^^ use of undeclared crate or module `bson`
[INFO] [stdout] 
[INFO] [stdout] 
[INFO] [stdout] error[E0433]: failed to resolve: use of undeclared crate or module `bson`
[INFO] [stdout]   --> src/cats/repository.rs:14:52
[INFO] [stdout]    |
[INFO] [stdout] 14 |             Ok(doc) => match bson::from_bson(bson::Bson::Document(doc)) {
[INFO] [stdout]    |                                                    ^^^^ not found in `bson`
[INFO] [stdout]    |
[INFO] [stdout] help: consider importing this enum
[INFO] [stdout]    |
[INFO] [stdout] 2  | use mongodb::Bson;
[INFO] [stdout]    |
[INFO] [stdout] 
[INFO] [stdout] 
[INFO] [stdout] error[E0433]: failed to resolve: use of undeclared crate or module `bson`
[INFO] [stdout]   --> src/cats/repository.rs:29:61
[INFO] [stdout]    |
[INFO] [stdout] 29 |             Some(result_doc) => match bson::from_bson(bson::Bson::Document(result_doc)) {
[INFO] [stdout]    |                                                             ^^^^ not found in `bson`
[INFO] [stdout]    |
[INFO] [stdout] help: consider importing this enum
[INFO] [stdout]    |
[INFO] [stdout] 2  | use mongodb::Bson;
[INFO] [stdout]    |
[INFO] [stdout] 
[INFO] [stdout] 
[INFO] [stdout] warning: unused import: `mongodb::bson`
[INFO] [stdout]  --> src/cats/mod.rs:5:5
[INFO] [stdout]   |
[INFO] [stdout] 5 | use mongodb::bson;
[INFO] [stdout]   |     ^^^^^^^^^^^^^
[INFO] [stdout]   |
[INFO] [stdout]   = note: `#[warn(unused_imports)]` on by default
[INFO] [stdout] 
[INFO] [stdout] 
[INFO] [stdout] warning: unused import: `std::env`
[INFO] [stdout]  --> src/mongo_connection.rs:7:5
[INFO] [stdout]   |
[INFO] [stdout] 7 | use std::env;
[INFO] [stdout]   |     ^^^^^^^^
[INFO] [stdout] 
[INFO] [stdout] 
[INFO] [stdout] error: aborting due to 10 previous errors; 2 warnings emitted
[INFO] [stdout] 
[INFO] [stdout] 
[INFO] [stdout] For more information about this error, try `rustc --explain E0433`.
[INFO] [stdout] 
[INFO] [stderr] error: could not compile `rustlang-rocket-mongodb`
[INFO] [stderr] 
[INFO] [stderr] To learn more, run the command again with --verbose.
[INFO] [stderr] warning: build failed, waiting for other jobs to finish...
[INFO] [stderr] error: build failed
[INFO] running `Command { std: "docker" "inspect" "27d12b823c7a1309a121ef81491a75e1cee237866ff1b4b865cc94fa891ad632", kill_on_drop: false }`
[INFO] running `Command { std: "docker" "rm" "-f" "27d12b823c7a1309a121ef81491a75e1cee237866ff1b4b865cc94fa891ad632", kill_on_drop: false }`
[INFO] [stdout] 27d12b823c7a1309a121ef81491a75e1cee237866ff1b4b865cc94fa891ad632
